 - 2*h. Calculate l(g).
-9
Let v = 215 + -117. Let p = v + -100. Let f(r) = -r**3 - 4*r**2 - 2*r - 3. Calculate f(p).
-7
Let c(k) = k**3 + k**2 - k - 3. Let i(u) = -13*u**3 - 2*u**2 + 3*u + 16. Let t(b) = 4*c(b) + i(b). Calculate t(2).
-62
Let w(y) = -y**2 + y + 5. Suppose -31*r = -19 - 43. Suppose -r*q - 4*f + 1 = 5, -3*q = 3*f - 3. Determine w(q).
-7
Let x(k) = 8*k + 87. Suppose -381*c = -4*c + 2639. What is x(c)?
31
Let f(v) = 35*v + 7. Suppose -5*b + 57 - 56 = -3*x, 0 = 3*x + 5*b + 11. Give f(x).
-63
Let w = 182 - 181. Let j(i) = -7*i**2 + 6*i - 12. Let t(f) = -f**2 + 2*f - 2. Let n(g) = w*j(g) - 4*t(g). Give n(-2).
-12
Let x(a) be the first derivative of 32*a + 8*a**2 + 61 - 32*a - 6*a**2. Give x(-1).
-4
Let t(r) = r**2 + 4*r + 5. Let f be 1*30*10*(-5)/(-125). Let m = -9 + f. Suppose -5*s - 15 = -m*n, -8*s = -6*s - 2*n + 2. Calculate t(s).
17
Let v(m) be the first derivative of m**3/3 - m**2/2 - 35*m - 18. Calculate v(-5).
-5
Let i(y) = -y**2 - 7*y. Let c(z) = 3*z**2 + 29*z - 1. Suppose -3*f + 8*b - 9*b + 26 = 0, 4*b = -3*f + 23. Let q(k) = f*i(k) + 2*c(k). Determine q(-3).
-14
Let u(y) = -44*y**3 - 10*y**2 - 2*y + 24. Let z(q) = 130*q**3 + 32*q**2 + 6*q - 76. Let p(r) = 19*u(r) + 6*z(r). Determine p(1).
-56
Let r(z) = -271*z**3 + 13*z**2 - 13*z - 4. Let a(l) = -587*l**3 + 27*l**2 - 26*l - 9. Let b(k) = -6*a(k) + 13*r(k). Determine b(5).
-13
Let x be (-1)/(((-1932)/36)/7 - -8). Let y(z) = 4 + 0 + 3 - 2*z**2 + 0*z - z. What is y(x)?
-8
Let m(t) = 7*t + 2 - 1 + 0*t. Let f(u) = 19*u - 133. Let d be f(-14). Let b = -401 - d. Calculate m(b).
-13
Let w(l) = 2*l - 4. Let m(z) = z + 1. Let v(u) = m(u) + w(u). Let g be (-4 + -3)*(-30)/(-240)*(-7 + -1). Give v(g).
18
Suppose -4*m = 4*d - 812, -4 + 6 = m. Let x = -195 + d. Let a(p) = -p + 3. Calculate a(x).
-3
Let f = -110 + 164. Let p = f - 50. Let v(k) = -7 + 7*k + p - 11 - 6*k. What is v(12)?
-2
Suppose 79*t + 12 = 3*x + 78*t, 0 = 2*x - t - 10. Let u(g) = g**3 - 2*g**2 - 3*g. Let q be u(3). Let w(v) = 2 + q + 0 + 2*v - 3. Give w(x).
3
Let u = -1 + -3. Let l = 7 + u. Let m(c) be the second derivative of c**5/20 - c**4/12 - 5*c**3/6 + c**2 - 471*c - 1. Calculate m(l).
5
Let r(a) = 5 - 3 - 4 + a. Let k = 10294 - 10290. Determine r(k).
2
Let x(a) be the second derivative of -1/6*a**3 - 3*a + 2*a**2 + 1/6*a**4 + 18. Calculate x(-3).
25
Let b(j) = 2*j**2 + 14*j - 1. Let o(r) = -7*r - 32. Let c(z) = b(z) - o(z). Give c(-9).
4
Let m(r) = r + 4. Let q be m(-5). Let s(y) = 5*y**2 + 4. Let d(c) = -54*c**2 + c - 45. Let w(j) = -2*d(j) - 23*s(j). Calculate w(q).
-7
Let i(f) = f**2 - 9*f + 7. Let h be i(9). Suppose -a + 18 - h = 2*b, 4*b = 3*a + 47. Let y(k) = -k + 10. Let m be y(b). Let u(x) = 4*x**2 + x - 1. Give u(m).
17
Let f(i) be the first derivative of 8*i**3/3 + 56*i**2 + 10*i + 137. What is f(-14)?
10
Let n(x) be the second derivative of 2/3*x**3 + 3/2*x**2 - 2 - 2*x. Calculate n(3).
15
Let g(n) be the first derivative of 2*n**3 - 7*n**2/2 + 2*n + 4205. What is g(3)?
35
Let d(b) = -2*b**3 + 15*b**2 - 9*b + 17. Let n be d(7). Let f(k) be the first derivative of k**4/4 - 4*k**3/3 + 6*k + 20. Determine f(n).
-3
Let h be (0/(-1) - -17)*6. Let l(z) = -6*z**2 - 56*z - 50*z - z**3 + 2*z**3 + h*z - 5. Give l(6).
-29
Suppose p + o = 25, -4*o + 3*o = -4*p + 100. Suppose 0 = -3*a - 5*d + p, a + 3*d = -2*d + 25. Let w(k) = k**2 + 2. Calculate w(a).
2
Let j(z) = 18*z + 6. Suppose 17*c - 7 = -41. Let a(f) = -13*f - 7. Let h(g) = c*j(g) - 3*a(g). Determine h(-7).
-12
Let b(h) = -h**3 + h**2 + h. Let c(f) = 5*f**2 - 6*f - 1. Let u(s) = b(s) + c(s). Suppose 0 = 15*x - 57 - 18. Give u(x).
-1
Let t(d) be the third derivative of d**5/60 + 7*d**4/24 - 7*d**3/6 + 1019*d**2. What is t(-7)?
-7
Let z(x) = 19*x**2 + x. Let o = 345 - 346. Let a be (16 + -14)/(o*2). Give z(a).
18
Suppose -23 = 3*p - t, p + 15*t - 17*t - 4 = 0. Let u(j) be the third derivative of j**5/60 + j**4/2 + 11*j**3/6 - 2*j**2. What is u(p)?
-9
Suppose a + z = 6*z + 38, 2*z - 136 = -5*a. Let s(g) = -3*g**3 + 51 - 23 + 2*g**2 + g - a. Let b = 2662 + -2663. Determine s(b).
4
Let f(z) = -10*z**2 - 14*z - 5. Suppose -772*k + 767*k + 3*r - 10 = 0, 0 = -k - r - 2. What is f(k)?
-17
Let p(g) = -3*g + 33. Let o(m) = 6*m - 64. Suppose 21*r + 79 + 47 = 0. Let i(j) = r*o(j) - 11*p(j). What is i(9)?
-6
Let w(j) = j + 13. Let u(r) = 2*r + 24. Let y(s) = 2*u(s) - 3*w(s). Calculate y(-8).
1
Let o(r) = 9*r + 15 - 4 - 9*r**2 + 2*r**2 + 6*r**2. Let v = -6892 + 6904. Calculate o(v).
-25
Let p(g) be the third derivative of -g**5/12 - g**4/4 - g**3/3 + 1009*g**2. Calculate p(-3).
-29
Let d(z) = z**3 + 12*z**2 - 16*z - 9. Let v = 9017 + -9030. Calculate d(v).
30
Let c(x) = -101 + 39 - 3*x + 2 + 48 - 3*x + 5*x. Let h = -35 - -24. Determine c(h).
-1
Suppose 0 = -c + 59 - 19. Let x = c - 65. Let v = 25 + x. Let k(d) = -d - 9. Calculate k(v).
-9
Let v = -11 - -15. Let a(w) = -2*w - 12. Let q(g) = 8*g + 26. Let j(b) = 2*a(b) + q(b). Calculate j(v).
18
Let a(p) be the first derivative of -p**3/3 - p**2/2 + p + 176. Calculate a(-5).
-19
Suppose -3*l - 2*k = -23, 1 = -3*l + 3*k + 4. Suppose l*x + 140 = -20. Let b = x + 38. Let u(z) = -z**3 + 6*z**2 - 3*z - 8. Calculate u(b).
-26
Let p(k) be the first derivative of k**4/2 - 4*k**3/3 + 8*k - 6880. Determine p(3).
26
Let x = 190186 + -190190. Let h(f) = 0*f**3 + 2 + f**2 + 3*f**2 + f**3 - f. Determine h(x).
6
Let b = -566 + 567. Let h be b - 19/(95/30). Let s(y) = -6*y + 7. Give s(h).
37
Suppose 3*n + 2*d + d = -30, -4*d = 16. Let c(z) be the second derivative of z**2 - 76*z + 1 + 1/6*z**3. What is c(n)?
-4
Let g(c) = c**2 + 17*c - 3. Let u(b) = 2*b**2 - b + 4. Let r(l) = g(l) - 2*u(l). Determine r(7).
-25
Let c be (-8)/(-36) - 16/(-9). Let u(d) = 15*d**c - 14*d**2 + 2*d**3 + 2*d**3. Let j = 636 + -637. Give u(j).
-3
Let u(n) be the third derivative of 25*n**4/8 + n**3/6 - 21*n**2 - 76. What is u(1)?
76
Suppose -3*z + 209 = -157. Suppose 0 = z*p - 118*p - 184. Let s(k) = -45 + 2*k - 3*k + p. Calculate s(-6).
7
Let a(h) = h**3 + 4*h**2 + h - 1. Let p(m) = 2*m**3 + 20*m**2 - 8*m - 10. Let n be p(-10). Let c be 7/n + (-299)/(-10). Let b = 27 - c. Give a(b).
5
Let o(t) = 7*t + 9. Let j(v) = -14*v - 19. Let z(c) = -2*j(c) - 5*o(c). Let u be z(-3). Suppose -u*g + 66 = -3*g. Let q(x) = -3*x + 9. Determine q(g).
-9
Let x be (-10)/5*(-14 - 2/(-1)). Let q = x - 33. Let k = -11 - q. Let p(f) = -f**2 - 3*f - 2. What is p(k)?
0
Let w = -4 - -6. Let x be (w/4)/(2/(-24)). Let s(v) = 3 + v**3 - 497*v - 12 - 6*v**2 - 2*v**3 + 494*v. What is s(x)?
9
Let o(t) be the first derivative of 50 + 1/2*t**2 - t. Let x be (-13)/(-3) - 2/(-3). Calculate o(x).
4
Suppose -314*d - 85*d = -68*d + 1986. Let j(h) = -h**3 - h**2 - h. Let r(o) = -5*o**3 + o**2 - 2*o - 5. Let q(s) = 6*j(s) - r(s). Calculate q(d).
-7
Let g(m) = 3*m**3 - m**2 - 2*m + 16. Suppose 63*i - 50*i = 0. Calculate g(i).
16
Let s(j) = -29*j**2 - 20 + 6*j**2 - 35*j + 22*j**2 - 82. Determine s(-32).
-6
Let a(y) = 19*y - 52. Let n be a(7). Let u = 93 - n. Let p(v) = -v + 2. What is p(u)?
-10
Let r(m) = -2478*m**2 + 9 - 18 + 13 - m**3 + 2473*m**2. Determine r(-5).
4
Let r(y) = -y - 11. Let k(x) = 4*x**2 + 27*x - 27. Let a be k(1). Suppose 7 = 4*f - 1, -a*u = 4*f - 8. Give r(u).
-11
Let p(q) = 4 - 5 + 8*q**2 + 10365*q - 10320*q. Determine p(-6).
17
Suppose 50 = -9*a + 11*a. Suppose 11*w - a = 6*w. Let f(g) = -3*g - 4*g**2 - 176 - g + 83 + 87 + g**3. Determine f(w).
-1
Let s(a) = 4*a**2 - 6*a + 18. Let p be ((1840/(-60))/(-46))/(1/6). Give s(p).
58
Let d(j) = -j**3 + 4*j**2 + 3*j + 2. Suppose -4*q = -3*f - 0*f - 15, -q + f + 3 = 0. Determine d(q).
-52
Let t(a) = 17*a**2 - 5*a + 10. Let b(z) = -z**3 + 81*z**2 + 2651*z + 28. Let q be b(-25). Calculate t(q).
148
Let o(m) = -m + 2. Let d(h) = -h. Suppose -2*n + 4*r + 148 = -r, -5*n + 2*r + 412 = 0. Suppose -x = -13*x - n. Let l(y) = x*d(y) + 3*o(y). What is l(-4)?
-10
Let o(q) = -3*q**3 - q**2 + q + 5. Let k(a) be the first derivative of a**4 + a**3/3 - a**2 - 4*a + 21. Let y(l) = 2*k(l) + 3*o(l). Calculate y(0).
7
Let o(h) be the third derivative of h**6/120 - h**5/10 - h**4/8 - 3*h**3/2 - 7*h**2. Suppose -g + 159*k = 156*k + 17, 5*g - 2*k - 19 = 0. What is o(g)?
19
Let t(l) be the second derivative of -1/20*l**5 + 1/2*l**4 + 17/6*l**3 + 0 + 85*l - 3*l**2. W